{"id":261,"date":"2026-04-11T21:17:55","date_gmt":"2026-04-11T21:17:55","guid":{"rendered":"https:\/\/icca-ljubljana2026.com\/?page_id=261"},"modified":"2026-04-14T11:15:04","modified_gmt":"2026-04-14T11:15:04","slug":"ljubljana","status":"publish","type":"page","link":"https:\/\/icca-ljubljana2026.com\/?page_id=261","title":{"rendered":"Ljubljana"},"content":{"rendered":"<div id=\"tdi_1\" class=\"tdc-zone\"><div class=\"tdc_zone tdi_2  wpb_row td-pb-row\"  >\n<style scoped>\n\/* custom css - generated by TagDiv Composer *\/\n\n\/* custom css - generated by TagDiv Composer *\/\n.tdi_2{\r\n                    min-height: 0;\r\n                }\n<\/style><div id=\"tdi_3\" class=\"tdc-row stretch_row_1600 td-stretch-content\"><div class=\"vc_row tdi_4  wpb_row td-pb-row\" >\n<style scoped>\n\/* custom css - generated by TagDiv Composer *\/\n\n\/* custom css - generated by TagDiv Composer *\/\n.tdi_4,\r\n                .tdi_4 .tdc-columns{\r\n                    min-height: 0;\r\n                }.tdi_4,\r\n\t\t\t\t.tdi_4 .tdc-columns{\r\n\t\t\t\t    display: block;\r\n\t\t\t\t}.tdi_4 .tdc-columns{\r\n\t\t\t\t    width: 100%;\r\n\t\t\t\t}.tdi_4:before,\r\n\t\t\t\t.tdi_4:after{\r\n\t\t\t\t    display: table;\r\n\t\t\t\t}\n\/* inline tdc_css att - generated by TagDiv Composer *\/\n\n.tdi_4{\npadding-bottom:30px !important;\n--tdb-scroll-anim:none !important;\n}\n\n.tdi_4 .td_block_wrap{ text-align:left }\n\n<\/style><div class=\"vc_column tdi_6  wpb_column vc_column_container tdc-column td-pb-span12\">\n<style scoped>\n\/* custom css - generated by TagDiv Composer *\/\n\n\/* custom css - generated by TagDiv Composer *\/\n.tdi_6{\r\n                    vertical-align: baseline;\r\n                }.tdi_6 > .wpb_wrapper,\r\n\t\t\t\t.tdi_6 > .wpb_wrapper > .tdc-elements{\r\n\t\t\t\t    display: block;\r\n\t\t\t\t}.tdi_6 > .wpb_wrapper > .tdc-elements{\r\n\t\t\t\t    width: 100%;\r\n\t\t\t\t}.tdi_6 > .wpb_wrapper > .vc_row_inner{\r\n\t\t\t\t    width: auto;\r\n\t\t\t\t}.tdi_6 > .wpb_wrapper{\r\n\t\t\t\t    width: auto;\r\n\t\t\t\t    height: auto;\r\n\t\t\t\t}\n<\/style><div class=\"wpb_wrapper\" ><div class=\"tdm_block td_block_wrap tdm_block_column_title tdi_7 tdm-content-horiz-center td-pb-border-top td_block_template_8\"  data-td-block-uid=\"tdi_7\" >\n<style>\n\/* custom css - generated by TagDiv Composer *\/\n.tdm_block_column_title{\r\n                  margin-bottom: 0;\r\n                  display: inline-block;\r\n                  width: 100%;\r\n                }\n<\/style><div class=\"td-block-row\"><div class=\"td-block-span12 tdm-col\">\n<style>\n\/* custom css - generated by TagDiv Composer *\/\nbody .tdi_8 .tdm-title{\r\n\t\t\t\t\tcolor: var(--ev-black);\r\n\t\t\t\t}.tdi_8 .tdm-title{\r\n\t\t\t\t\tfont-family:Montserrat !important;font-size:50px !important;line-height:1.2 !important;font-weight:700 !important;\r\n\t\t\t\t}\n\n\/* landscape *\/\n@media (min-width: 1019px) and (max-width: 1140px){\n.tdi_8 .tdm-title{\r\n\t\t\t\t\tfont-size:35px !important;\r\n\t\t\t\t}\n}\n\n\/* portrait *\/\n@media (min-width: 768px) and (max-width: 1018px){\n.tdi_8 .tdm-title{\r\n\t\t\t\t\tfont-size:30px !important;\r\n\t\t\t\t}\n}\n\n\/* phone *\/\n@media (max-width: 767px){\n.tdi_8 .tdm-title{\r\n\t\t\t\t\tfont-size:24px !important;\r\n\t\t\t\t}\n}\n<\/style><div class=\"tds-title tds-title1 td-fix-index tdi_8 \"><h2 class=\"tdm-title tdm-title-sm\">Discover Ljubljana<\/h2><\/div><\/div><\/div><\/div><\/div><\/div><\/div><\/div><div id=\"tdi_9\" class=\"tdc-row\"><div class=\"vc_row tdi_10  wpb_row td-pb-row\" >\n<style scoped>\n\/* custom css - generated by TagDiv Composer *\/\n\n\/* custom css - generated by TagDiv Composer *\/\n.tdi_10,\r\n                .tdi_10 .tdc-columns{\r\n                    min-height: 0;\r\n                }.tdi_10,\r\n\t\t\t\t.tdi_10 .tdc-columns{\r\n\t\t\t\t    display: block;\r\n\t\t\t\t}.tdi_10 .tdc-columns{\r\n\t\t\t\t    width: 100%;\r\n\t\t\t\t}.tdi_10:before,\r\n\t\t\t\t.tdi_10:after{\r\n\t\t\t\t    display: table;\r\n\t\t\t\t}\n<\/style><div class=\"vc_column tdi_12  wpb_column vc_column_container tdc-column td-pb-span12\">\n<style scoped>\n\/* custom css - generated by TagDiv Composer *\/\n\n\/* custom css - generated by TagDiv Composer *\/\n.tdi_12{\r\n                    vertical-align: baseline;\r\n                }.tdi_12 > .wpb_wrapper,\r\n\t\t\t\t.tdi_12 > .wpb_wrapper > .tdc-elements{\r\n\t\t\t\t    display: block;\r\n\t\t\t\t}.tdi_12 > .wpb_wrapper > .tdc-elements{\r\n\t\t\t\t    width: 100%;\r\n\t\t\t\t}.tdi_12 > .wpb_wrapper > .vc_row_inner{\r\n\t\t\t\t    width: auto;\r\n\t\t\t\t}.tdi_12 > .wpb_wrapper{\r\n\t\t\t\t    width: auto;\r\n\t\t\t\t    height: auto;\r\n\t\t\t\t}\n<\/style><div class=\"wpb_wrapper\" ><div class=\"vc_row_inner tdi_14  vc_row vc_inner wpb_row td-pb-row\" >\n<style scoped>\n\/* custom css - generated by TagDiv Composer *\/\n\n\/* custom css - generated by TagDiv Composer *\/\n.tdi_14{\r\n                    position: relative !important;\r\n                    top: 0;\r\n                    transform: none;\r\n                    -webkit-transform: none;\r\n                }.tdi_14,\r\n\t\t\t\t.tdi_14 .tdc-inner-columns{\r\n\t\t\t\t    display: block;\r\n\t\t\t\t}.tdi_14 .tdc-inner-columns{\r\n\t\t\t\t    width: 100%;\r\n\t\t\t\t}\n<\/style><div class=\"vc_column_inner tdi_16  wpb_column vc_column_container tdc-inner-column td-pb-span12\">\n<style scoped>\n\/* custom css - generated by TagDiv Composer *\/\n\n\/* custom css - generated by TagDiv Composer *\/\n.tdi_16{\r\n                    vertical-align: baseline;\r\n                }.tdi_16 .vc_column-inner > .wpb_wrapper,\r\n\t\t\t\t.tdi_16 .vc_column-inner > .wpb_wrapper .tdc-elements{\r\n\t\t\t\t    display: block;\r\n\t\t\t\t}.tdi_16 .vc_column-inner > .wpb_wrapper .tdc-elements{\r\n\t\t\t\t    width: 100%;\r\n\t\t\t\t}\n<\/style><div class=\"vc_column-inner\"><div class=\"wpb_wrapper\" ><div class=\"wpb_wrapper wpb_text_column td_block_wrap td_block_wrap vc_column_text tdi_17  tagdiv-type td-pb-border-top td_block_template_8\"  data-td-block-uid=\"tdi_17\" >\n<style>\n\/* custom css - generated by TagDiv Composer *\/\n.vc_column_text > .td-element-style{\r\n\t\t\t\t\tz-index: -1;\r\n\t\t\t\t}.tdi_17,\r\n                .tdi_17 p{\r\n\t\t\t        font-family:Montserrat !important;font-size:17px !important;\r\n\t\t        }\n<\/style><div class=\"td-fix-index\"><p><span style=\"font-weight: 400;\">Set in the heart of Ljubljana, the ICCA CEC 2026 host city stands out as one of Europe\u2019s most progressive and forward-thinking event destinations, defined not only by sustainability but by a strong commitment to regenerative principles.<\/span><\/p>\n<p><span style=\"font-weight: 400;\">Ljubljana has long been recognised as a green pioneer, including its title as European Green Capital, reflecting a strategic, long-term approach to environmental stewardship. However, the city goes beyond minimising impact\u2014it actively seeks to create positive outcomes for the environment, local communities, and visitors alike.<\/span><\/p>\n<\/div><\/div><\/div><\/div><\/div><\/div><div class=\"vc_row_inner tdi_19  vc_row vc_inner wpb_row td-pb-row\" >\n<style scoped>\n\/* custom css - generated by TagDiv Composer *\/\n\n\/* custom css - generated by TagDiv Composer *\/\n.tdi_19{\r\n                    position: relative !important;\r\n                    top: 0;\r\n                    transform: none;\r\n                    -webkit-transform: none;\r\n                }.tdi_19,\r\n\t\t\t\t.tdi_19 .tdc-inner-columns{\r\n\t\t\t\t    display: block;\r\n\t\t\t\t}.tdi_19 .tdc-inner-columns{\r\n\t\t\t\t    width: 100%;\r\n\t\t\t\t}\n\/* inline tdc_css att - generated by TagDiv Composer *\/\n\n.tdi_19{\nmargin-top:10px !important;\nmargin-bottom:40px !important;\n--tdb-scroll-anim:none !important;\n}\n\n.tdi_19 .td_block_wrap{ text-align:left }\n\n<\/style><div class=\"vc_column_inner tdi_21  wpb_column vc_column_container tdc-inner-column td-pb-span4\">\n<style scoped>\n\/* custom css - generated by TagDiv Composer *\/\n\n\/* custom css - generated by TagDiv Composer *\/\n.tdi_21{\r\n                    vertical-align: baseline;\r\n                }.tdi_21 .vc_column-inner > .wpb_wrapper,\r\n\t\t\t\t.tdi_21 .vc_column-inner > .wpb_wrapper .tdc-elements{\r\n\t\t\t\t    display: block;\r\n\t\t\t\t}.tdi_21 .vc_column-inner > .wpb_wrapper .tdc-elements{\r\n\t\t\t\t    width: 100%;\r\n\t\t\t\t}\n<\/style><div class=\"vc_column-inner\"><div class=\"wpb_wrapper\" ><div class=\"td_block_wrap tdm_block_inline_image_simplified tdi_22 td-animation-stack td-pb-border-top td_block_template_8\"  data-td-block-uid=\"tdi_22\" >\n<style>\n\/* custom css - generated by TagDiv Composer *\/\n.tdm_block_inline_image_simplified{\r\n                    display: inline-flex;\r\n                    flex-direction: column;\r\n                    align-items: flex-start;\r\n                    position: relative;\r\n                    margin-bottom: 0;\r\n                }.tdm_block_inline_image_simplified > .td-element-style{\r\n                    z-index: -1;\r\n                }.tdm_block_inline_image_simplified .tdm-ii-wrap{\r\n                    position: relative;\r\n                    max-width: 100%;\r\n                }.tdm_block_inline_image_simplified .tdm-ii-wrap:before,\r\n                .tdm_block_inline_image_simplified .tdm-ii-wrap:after{\r\n                    position: absolute;\r\n                    top: 0;\r\n                    left: 0;\r\n                    width: 100%;\r\n                    height: 100%;\r\n                    transition: opacity 1s ease;\r\n                    z-index: 1;\r\n                }.tdm_block_inline_image_simplified img{\r\n                    display: block;\r\n                    width: 100%;\r\n                    border: 0 solid #000;\r\n                    transition: all 1s ease;\r\n                }\n<\/style><div class=\"tdm-ii-wrap \"><img loading=\"lazy\" decoding=\"async\" class=\"td-lazy-img\" src=\"https:\/\/icca-ljubljana2026.com\/wp-content\/uploads\/2026\/04\/ljubljana_slovenia-29.png\" data-type=\"image_tag\" data-img-url=\"https:\/\/icca-ljubljana2026.com\/wp-content\/uploads\/2026\/04\/ljubljana_slovenia-29.png\" title=\"ljubljana_slovenia (29)\" width=\"500\" height=\"600\" \/><\/div><\/div><\/div><\/div><\/div><div class=\"vc_column_inner tdi_24  wpb_column vc_column_container tdc-inner-column td-pb-span4\">\n<style scoped>\n\/* custom css - generated by TagDiv Composer *\/\n\n\/* custom css - generated by TagDiv Composer *\/\n.tdi_24{\r\n                    vertical-align: baseline;\r\n                }.tdi_24 .vc_column-inner > .wpb_wrapper,\r\n\t\t\t\t.tdi_24 .vc_column-inner > .wpb_wrapper .tdc-elements{\r\n\t\t\t\t    display: block;\r\n\t\t\t\t}.tdi_24 .vc_column-inner > .wpb_wrapper .tdc-elements{\r\n\t\t\t\t    width: 100%;\r\n\t\t\t\t}\n<\/style><div class=\"vc_column-inner\"><div class=\"wpb_wrapper\" ><div class=\"td_block_wrap tdm_block_inline_image_simplified tdi_25 td-animation-stack td-pb-border-top td_block_template_8\"  data-td-block-uid=\"tdi_25\" ><div class=\"tdm-ii-wrap \"><img loading=\"lazy\" decoding=\"async\" class=\"td-lazy-img\" src=\"https:\/\/icca-ljubljana2026.com\/wp-content\/uploads\/2026\/04\/ljubljana_slovenia-26.png\" data-type=\"image_tag\" data-img-url=\"https:\/\/icca-ljubljana2026.com\/wp-content\/uploads\/2026\/04\/ljubljana_slovenia-26.png\" title=\"ljubljana_slovenia (26)\" width=\"500\" height=\"600\" \/><\/div><\/div><\/div><\/div><\/div><div class=\"vc_column_inner tdi_27  wpb_column vc_column_container tdc-inner-column td-pb-span4\">\n<style scoped>\n\/* custom css - generated by TagDiv Composer *\/\n\n\/* custom css - generated by TagDiv Composer *\/\n.tdi_27{\r\n                    vertical-align: baseline;\r\n                }.tdi_27 .vc_column-inner > .wpb_wrapper,\r\n\t\t\t\t.tdi_27 .vc_column-inner > .wpb_wrapper .tdc-elements{\r\n\t\t\t\t    display: block;\r\n\t\t\t\t}.tdi_27 .vc_column-inner > .wpb_wrapper .tdc-elements{\r\n\t\t\t\t    width: 100%;\r\n\t\t\t\t}\n<\/style><div class=\"vc_column-inner\"><div class=\"wpb_wrapper\" ><div class=\"td_block_wrap tdm_block_inline_image_simplified tdi_28 td-animation-stack td-pb-border-top td_block_template_8\"  data-td-block-uid=\"tdi_28\" ><div class=\"tdm-ii-wrap \"><img loading=\"lazy\" decoding=\"async\" class=\"td-lazy-img\" src=\"https:\/\/icca-ljubljana2026.com\/wp-content\/uploads\/2026\/04\/ljubljana_slovenia-27.png\" data-type=\"image_tag\" data-img-url=\"https:\/\/icca-ljubljana2026.com\/wp-content\/uploads\/2026\/04\/ljubljana_slovenia-27.png\" title=\"ljubljana_slovenia (27)\" width=\"500\" height=\"600\" \/><\/div><\/div><\/div><\/div><\/div><\/div><div class=\"wpb_wrapper td_block_wrap vc_raw_html tdi_30 \"><div class=\"td-fix-index\"><!DOCTYPE html>\n<html lang=\"en\">\n<head>\n<meta charset=\"UTF-8\">\n<meta name=\"viewport\" content=\"width=device-width, initial-scale=1.0\">\n\n<title>Accordion Section<\/title>\n\n<link href=\"https:\/\/fonts.googleapis.com\/css2?family=Montserrat:wght@400;600&display=swap\" rel=\"stylesheet\">\n\n<style>\nbody {\n    font-family: 'Montserrat', sans-serif;\n    margin: 20px;\n    background-color: #fff;\n}\n\n\/* Accordion container *\/\n.accordion {\n    width: 100%;\n    max-width: 1000px;\n    margin: auto;\n}\n\n\/* Accordion item *\/\n.accordion-item {\n    border-radius: 12px;\n    margin-bottom: 12px;\n    overflow: hidden;\n}\n\n\/* Alternating backgrounds *\/\n.accordion-item:nth-child(odd) {\n    background-color: #61BB46;\n}\n\n.accordion-item:nth-child(even) {\n    background-color: #fff;\n}\n\n\/* Header *\/\n.accordion-header {\n    padding: 20px;\n    font-size: 25px;\n    cursor: pointer;\n    display: flex;\n    justify-content: space-between;\n    align-items: center;\n    transition: transform 0.2s ease, opacity 0.2s ease;\n}\n\n\/* Hover effect *\/\n.accordion-header:hover {\n    transform: translateX(5px);\n    opacity: 0.85;\n}\n\n\/* Content *\/\n.accordion-content {\n    max-height: 0;\n    overflow: hidden;\n    transition: max-height 0.4s ease, padding 0.3s ease;\n    padding: 0 20px;\n}\n\n\/* Active state *\/\n.accordion-item.active .accordion-content {\n    max-height: 500px;\n    padding: 20px;\n}\n\n\/* Text *\/\n.accordion-content p {\n    font-size: 18px;\n    margin: 0;\n    line-height: 1.6;\n}\n\n\/* Indicator *\/\n.indicator {\n    font-size: 20px;\n    transition: transform 0.3s ease;\n}\n\n.accordion-item.active .indicator {\n    transform: rotate(45deg);\n}\n<\/style>\n<\/head>\n\n<body>\n\n<div class=\"accordion\">\n\n    <div class=\"accordion-item\">\n        <div class=\"accordion-header\">\n            Human-centric destination\n            <span class=\"indicator\">+<\/span>\n        <\/div>\n        <div class=\"accordion-content\">\n            <p>A largely car-free city centre, extensive green spaces, and a strong emphasis on local sourcing and circular economy practices create an urban environment that is both highly functional and deeply human-centric. For event participants, this translates into a seamless, walkable experience where venues, accommodation, and cultural attractions are closely connected, reducing the need for transport while enhancing opportunities for authentic engagement.<\/p>\n        <\/div>\n    <\/div>\n\n    <div class=\"accordion-item\">\n        <div class=\"accordion-header\">\n            Trustworthy partners\n            <span class=\"indicator\">+<\/span>\n        <\/div>\n        <div class=\"accordion-content\">\n            <p>Ljubljana combines this regenerative ethos with modern, flexible infrastructure. Key venues support creative setups and collaborative formats, aligning perfectly with the ICCA CEC\u2019s focus on interaction and knowledge exchange. At the same time, the city\u2019s compact scale fosters stronger connections, not only between participants but also with the destination itself.<\/p>\n        <\/div>\n    <\/div>\n\n    <div class=\"accordion-item\">\n        <div class=\"accordion-header\">\n            How to reach Ljubljana?\n            <span class=\"indicator\">+<\/span>\n        <\/div>\n        <div class=\"accordion-content\">\n            <p>Reaching Ljubljana is straightforward and efficient, with a range of sustainable and convenient travel options available for international and regional participants. Ljubljana is served by Ljubljana Jo\u017ee Pu\u010dnik Airport, located approximately 25 minutes from the city centre, offering direct connections to key European hubs. Sustainable options such as rail, buses, and car-sharing are encouraged. The city is well connected to the European rail network, with links from Vienna, Zagreb, Munich, and Venice. Ljubljana\u2019s central location also allows easy car access via a developed motorway network. Once in the city, most locations are within walking distance.<\/p>\n        <\/div>\n    <\/div>\n\n    <div class=\"accordion-item\">\n        <div class=\"accordion-header\">\n            Ljubljana as your living room\n            <span class=\"indicator\">+<\/span>\n        <\/div>\n        <div class=\"accordion-content\">\n            <p>Envisaged by Jo\u017ee Ple\u010dnik, the famed architect recognised by UNESCO, Ljubljana is one big living room where you can stroll from one end to the other and uncover the city\u2019s secrets.<\/p>\n        <\/div>\n    <\/div>\n\n<\/div>\n\n<script>\nconst items = document.querySelectorAll(\".accordion-header\");\n\nitems.forEach(header => {\n    header.addEventListener(\"click\", () => {\n        const item = header.parentElement;\n        item.classList.toggle(\"active\");\n    });\n});\n<\/script>\n\n<\/body>\n<\/html><\/div><\/div><\/div><\/div><\/div><\/div><div id=\"tdi_31\" class=\"tdc-row\"><div class=\"vc_row tdi_32  wpb_row td-pb-row\" >\n<style scoped>\n\/* custom css - generated by TagDiv Composer *\/\n\n\/* custom css - generated by TagDiv Composer *\/\n.tdi_32,\r\n                .tdi_32 .tdc-columns{\r\n                    min-height: 0;\r\n                }.tdi_32,\r\n\t\t\t\t.tdi_32 .tdc-columns{\r\n\t\t\t\t    display: block;\r\n\t\t\t\t}.tdi_32 .tdc-columns{\r\n\t\t\t\t    width: 100%;\r\n\t\t\t\t}.tdi_32:before,\r\n\t\t\t\t.tdi_32:after{\r\n\t\t\t\t    display: table;\r\n\t\t\t\t}\n<\/style><div class=\"vc_column tdi_34  wpb_column vc_column_container tdc-column td-pb-span12\">\n<style scoped>\n\/* custom css - generated by TagDiv Composer *\/\n\n\/* custom css - generated by TagDiv Composer *\/\n.tdi_34{\r\n                    vertical-align: baseline;\r\n                }.tdi_34 > .wpb_wrapper,\r\n\t\t\t\t.tdi_34 > .wpb_wrapper > .tdc-elements{\r\n\t\t\t\t    display: block;\r\n\t\t\t\t}.tdi_34 > .wpb_wrapper > .tdc-elements{\r\n\t\t\t\t    width: 100%;\r\n\t\t\t\t}.tdi_34 > .wpb_wrapper > .vc_row_inner{\r\n\t\t\t\t    width: auto;\r\n\t\t\t\t}.tdi_34 > .wpb_wrapper{\r\n\t\t\t\t    width: auto;\r\n\t\t\t\t    height: auto;\r\n\t\t\t\t}\n<\/style><div class=\"wpb_wrapper\" ><div class=\"wpb_wrapper td_block_wrap vc_raw_html tdi_36 \"><div class=\"td-fix-index\"><!DOCTYPE html>\n<html lang=\"en\">\n<head>\n<meta charset=\"UTF-8\">\n<meta name=\"viewport\" content=\"width=device-width, initial-scale=1.0\">\n\n<link href=\"https:\/\/fonts.googleapis.com\/css2?family=Montserrat:wght@400;600&display=swap\" rel=\"stylesheet\">\n\n<style>\nbody {\n    font-family: 'Montserrat', sans-serif;\n    margin: 0;\n    background: #fff;\n}\n\n\/* Section *\/\n.didyouknow {\n    padding: 60px 20px;\n    max-width: 1200px;\n    margin: auto;\n}\n\n\/* Title *\/\n.did-title {\n    font-size: 35px;\n    font-weight: 600;\n    margin-bottom: 40px;\n    letter-spacing: 0.5px;\n    position: relative;\n    display: inline-block;\n    animation: fadeSlide 0.8s ease;\n}\n\n\/* Underline *\/\n.did-title::after {\n    content: \"\";\n    display: block;\n    width: 60%;\n    height: 3px;\n    background: #61BB46;\n    margin-top: 8px;\n}\n\n\/* Grid *\/\n.did-grid {\n    display: grid;\n    grid-template-columns: repeat(auto-fit, minmax(280px, 1fr));\n    gap: 25px;\n}\n\n\/* Card *\/\n.did-item {\n    padding: 20px;\n    border-radius: 10px;\n    background: #fafafa;\n    transition: transform 0.25s ease, box-shadow 0.25s ease;\n}\n\n\/* Hover *\/\n.did-item:hover {\n    transform: translateY(-4px);\n    box-shadow: 0 8px 20px rgba(0,0,0,0.05);\n}\n\n\/* Icon *\/\n.did-icon {\n    font-size: 22px;\n    margin-bottom: 10px;\n}\n\n\/* Text *\/\n.did-text {\n    font-size: 17px;\n    line-height: 1.6;\n}\n\n\/* Animation *\/\n@keyframes fadeSlide {\n    from {\n        opacity: 0;\n        transform: translateY(10px);\n    }\n    to {\n        opacity: 1;\n        transform: translateY(0);\n    }\n}\n\n\/* Mobile *\/\n@media (max-width: 768px) {\n    .didyouknow {\n        padding: 40px 15px;\n    }\n}\n<\/style>\n<\/head>\n\n<body>\n\n<section class=\"didyouknow\">\n\n    <div class=\"did-title\">Did you know?<\/div>\n\n    <div class=\"did-grid\">\n\n        <div class=\"did-item\">\n            <div class=\"did-icon\">\ud83d\udeb6\u200d\u2642\ufe0f<\/div>\n            <div class=\"did-text\">\n                The city with the largest pedestrian zone in Europe, exceeding 20 hectares.\n            <\/div>\n        <\/div>\n\n        <div class=\"did-item\">\n            <div class=\"did-icon\">\ud83c\udf3f<\/div>\n            <div class=\"did-text\">\n                European Green Capital 2016, with 542 m\u00b2 of public green space per resident.\n            <\/div>\n        <\/div>\n\n        <div class=\"did-item\">\n            <div class=\"did-icon\">\ud83c\udf0d<\/div>\n            <div class=\"did-text\">\n                The only city included eleven times on the Green Destinations Top 100 Stories list.\n            <\/div>\n        <\/div>\n\n        <div class=\"did-item\">\n            <div class=\"did-icon\">\ud83c\udf33<\/div>\n            <div class=\"did-text\">\n                Tivoli, Ro\u017enik and \u0160i\u0161ka Hill Park is larger than Central Park in New York.\n            <\/div>\n        <\/div>\n\n        <div class=\"did-item\">\n            <div class=\"did-icon\">\ud83d\udd12<\/div>\n            <div class=\"did-text\">\n                Ranked among the most honest and safest places globally in multiple studies and indices.\n            <\/div>\n        <\/div>\n\n        <div class=\"did-item\">\n            <div class=\"did-icon\">\ud83c\udfd9\ufe0f<\/div>\n            <div class=\"did-text\">\n                A human-scale city with a vibrant Old Town and a unique lounge-style atmosphere.\n            <\/div>\n        <\/div>\n\n        <div class=\"did-item\">\n            <div class=\"did-icon\">\ud83c\udf7d\ufe0f<\/div>\n            <div class=\"did-text\">\n                European Region of Gastronomy 2021, with Michelin-recognised excellence including Ana Ro\u0161.\n            <\/div>\n        <\/div>\n\n        <div class=\"did-item\">\n            <div class=\"did-icon\">\ud83c\udfa8<\/div>\n            <div class=\"did-text\">\n                Named Best European Creative City Destination 2026 at the Creative Tourism Awards.\n            <\/div>\n        <\/div>\n\n    <\/div>\n\n<\/section>\n\n<\/body>\n<\/html><\/div><\/div><\/div><\/div><\/div><\/div><div id=\"tdi_37\" class=\"tdc-row\"><div class=\"vc_row tdi_38  wpb_row td-pb-row\" >\n<style scoped>\n\/* custom css - generated by TagDiv Composer *\/\n\n\/* custom css - generated by TagDiv Composer *\/\n.tdi_38,\r\n                .tdi_38 .tdc-columns{\r\n                    min-height: 0;\r\n                }.tdi_38,\r\n\t\t\t\t.tdi_38 .tdc-columns{\r\n\t\t\t\t    display: block;\r\n\t\t\t\t}.tdi_38 .tdc-columns{\r\n\t\t\t\t    width: 100%;\r\n\t\t\t\t}.tdi_38:before,\r\n\t\t\t\t.tdi_38:after{\r\n\t\t\t\t    display: table;\r\n\t\t\t\t}\n<\/style><div class=\"vc_column tdi_40  wpb_column vc_column_container tdc-column td-pb-span12\">\n<style scoped>\n\/* custom css - generated by TagDiv Composer *\/\n\n\/* custom css - generated by TagDiv Composer *\/\n.tdi_40{\r\n                    vertical-align: baseline;\r\n                }.tdi_40 > .wpb_wrapper,\r\n\t\t\t\t.tdi_40 > .wpb_wrapper > .tdc-elements{\r\n\t\t\t\t    display: block;\r\n\t\t\t\t}.tdi_40 > .wpb_wrapper > .tdc-elements{\r\n\t\t\t\t    width: 100%;\r\n\t\t\t\t}.tdi_40 > .wpb_wrapper > .vc_row_inner{\r\n\t\t\t\t    width: auto;\r\n\t\t\t\t}.tdi_40 > .wpb_wrapper{\r\n\t\t\t\t    width: auto;\r\n\t\t\t\t    height: auto;\r\n\t\t\t\t}\n<\/style><div class=\"wpb_wrapper\" ><\/div><\/div><\/div><\/div><\/div><\/div>","protected":false},"excerpt":{"rendered":"","protected":false},"author":1,"featured_media":0,"parent":0,"menu_order":0,"comment_status":"closed","ping_status":"closed","template":"","meta":{"_acf_changed":false,"tdm_status":"","tdm_grid_status":"","footnotes":""},"class_list":["post-261","page","type-page","status-publish"],"acf":[],"_links":{"self":[{"href":"https:\/\/icca-ljubljana2026.com\/index.php?rest_route=\/wp\/v2\/pages\/261","targetHints":{"allow":["GET"]}}],"collection":[{"href":"https:\/\/icca-ljubljana2026.com\/index.php?rest_route=\/wp\/v2\/pages"}],"about":[{"href":"https:\/\/icca-ljubljana2026.com\/index.php?rest_route=\/wp\/v2\/types\/page"}],"author":[{"embeddable":true,"href":"https:\/\/icca-ljubljana2026.com\/index.php?rest_route=\/wp\/v2\/users\/1"}],"replies":[{"embeddable":true,"href":"https:\/\/icca-ljubljana2026.com\/index.php?rest_route=%2Fwp%2Fv2%2Fcomments&post=261"}],"version-history":[{"count":14,"href":"https:\/\/icca-ljubljana2026.com\/index.php?rest_route=\/wp\/v2\/pages\/261\/revisions"}],"predecessor-version":[{"id":445,"href":"https:\/\/icca-ljubljana2026.com\/index.php?rest_route=\/wp\/v2\/pages\/261\/revisions\/445"}],"wp:attachment":[{"href":"https:\/\/icca-ljubljana2026.com\/index.php?rest_route=%2Fwp%2Fv2%2Fmedia&parent=261"}],"curies":[{"name":"wp","href":"https:\/\/api.w.org\/{rel}","templated":true}]}}